t the prime factors of 21807784.
2, 967, 2819
What are the prime factors of 567948?
2, 3, 19, 47, 53
What are the prime factors of 718401?
3, 43, 5569
What are the prime factors of 721303?
11, 23, 2851
List the prime factors of 12045960.
2, 3, 5, 33461
List the prime factors of 79615.
5, 15923
What are the prime factors of 910364?
2, 7, 13, 41, 61
What are the prime factors of 92993?
92993
List the prime factors of 3856679.
31, 47, 2647
What are the prime factors of 19962478?
2, 109, 91571
List the prime factors of 118023.
3, 39341
List the prime factors of 26264589.
3, 13, 673451
What are the prime factors of 2555066?
2, 17, 75149
What are the prime factors of 296011?
296011
What are the prime factors of 2018729?
2018729
List the prime factors of 8911738.
2, 11, 53, 7643
List the prime factors of 2372803.
59, 131, 307
List the prime factors of 2499728.
2, 7, 11, 2029
What are the prime factors of 3881195?
5, 347, 2237
List the prime factors of 904756.
2, 226189
List the prime factors of 19879183.
127, 157, 997
List the prime factors of 173437.
11, 15767
What are the prime factors of 4929311?
577, 8543
List the prime factors of 807172.
2, 373, 541
What are the prime factors of 667608?
2, 3, 27817
List the prime factors of 6996088.
2, 11, 107, 743
What are the prime factors of 4648174?
2, 17, 136711
List the prime factors of 1005106.
2, 502553
What are the prime factors of 387151?
387151
List the prime factors of 314748.
2, 3, 7, 1249
List the prime factors of 794767.
17, 46751
What are the prime factors of 6576071?
19, 283, 1223
What are the prime factors of 153785?
5, 30757
List the prime factors of 12969208.
2, 7, 101, 2293
List the prime factors of 3742305.
3, 5, 7, 29, 1229
List the prime factors of 1393226.
2, 59, 11807
List the prime factors of 2341837.
23, 29, 3511
What are the prime factors of 283483?
197, 1439
List the prime factors of 22756132.
2, 7, 17, 47807
List the prime factors of 276789.
3, 257, 359
What are the prime factors of 124830?
2, 3, 5, 19, 73
What are the prime factors of 3251695?
5, 47, 101, 137
What are the prime factors of 8922546?
2, 3, 29, 17093
What are the prime factors of 766735?
5, 89, 1723
What are the prime factors of 5298933?
3, 43, 41077
What are the prime factors of 2548944?
2, 3, 31, 571
List the prime factors of 17499476.
2, 4374869
What are the prime factors of 736948?
2, 29, 6353
What are the prime factors of 4885377?
3, 7, 59, 3943
What are the prime factors of 7911381?
3, 1301, 2027
List the prime factors of 4160323.
4160323
What are the prime factors of 8409939?
3, 199, 14087
What are the prime factors of 2713981?
2713981
List the prime factors of 668671.
668671
What are the prime factors of 109503?
3, 23
What are the prime factors of 1434601?
7, 29, 37, 191
List the prime factors of 495665.
5, 99133
List the prime factors of 474990.
2, 3, 5, 71, 223
What are the prime factors of 1229842?
2, 307, 2003
What are the prime factors of 18117495?
3, 5, 11, 17, 2153
What are the prime factors of 595404?
2, 3, 37, 149
What are the prime factors of 1876092?
2, 3, 79, 1979
What are the prime factors of 360604?
2, 17, 5303
List the prime factors of 272417.
272417
What are the prime factors of 2046597?
3, 7, 41, 2377
List the prime factors of 16494.
2, 3, 2749
List the prime factors of 1484705.
5, 296941
List the prime factors of 455239.
23, 19793
What are the prime factors of 232207?
232207
List the prime factors of 509340.
2, 3, 5, 13, 653
List the prime factors of 347618.
2, 179, 971
List the prime factors of 341043.
3, 79, 1439
What are the prime factors of 82685?
5, 23, 719
List the prime factors of 1901854.
2, 950927
What are the prime factors of 269113?
13, 127, 163
List the prime factors of 493758.
2, 3, 27431
What are the prime factors of 1827627?
3, 609209
What are the prime factors of 1371913?
1371913
What are the prime factors of 59831?
19, 47, 67
What are the prime factors of 18293167?
1063, 17209
What are the prime factors of 3728607?
3, 1242869
What are the prime factors of 1338677?
107, 12511
What are the prime factors of 200607?
3, 11, 6079
List the prime factors of 17915227.
11, 191, 8527
List the prime factors of 3961495.
5, 792299
List the prime factors of 4239519.
3, 1413173
List the prime factors of 693789.
3, 281, 823
List the prime factors of 952212.
2, 3, 73, 1087
What are the prime factors of 6649851?
3, 13, 170509
What are the prime factors of 19737420?
2, 3, 5, 101, 3257
What are the prime factors of 521180?
2, 5, 11, 23, 103
List the prime factors of 4284768.
2, 3, 44633
What are the prime factors of 86532?
2, 3, 7211
What are the prime factors of 410707?
11, 37337
What are the prime factors of 115681?
29, 3989
List the prime factors of 2910189.
3, 970063
List the prime factors of 4273450.
2, 5, 85469
What are the prime factors of 5927904?
2, 3, 2287
List the prime factors of 46026.
2, 3, 2557
What are the prime factors of 1654396?
2, 193, 2143
What are the prime factors of 701474?
2, 350737
List the prime factors of 658679.
7, 73, 1289
List the prime factors of 213550.
2, 5, 4271
What are the prime factors of 151384?
2, 127, 149
What are the prime factors of 29872?
2, 1867
List the prime factors of 259344.
2, 3, 1801
List the prime factors of 366960.
2, 3, 5, 11, 139
List the prime factors of 27493792.
2, 859181
List the prime factors of 2564419.
11, 13, 79, 227
List the prime factors of 87073.
7, 1777
List the prime factors of 21631835.
5, 4326367
What are the prime factors of 8321342?
2, 71, 58601
List the prime factors of 13873.
13873
List the prime factors of 236714.
2, 71, 1667
What are the prime factors of 265590?
2, 3, 5, 13, 227
List the prime factors of 37274.
2, 18637
List the prime factors of 3787213.
19, 47, 4241
What are the prime factors of 19538894?
2, 103, 94849
List the prime factors of 976832.
2, 15263
What are the prime factors of 9489385?
5, 53, 35809
List the prime factors of 97465.
5, 101, 193
What are the prime factors of 1124594?
2, 562297
List the prime factors of 426589.
67, 6367
What are the prime factors of 440557?
13, 33889
What are the prime factors of 1008275?
5, 31, 1301
What are the prime factors of 184871?
199, 929
List the prime factors of 241058.
2, 43, 2803
What are the prime factors of 800935?
5, 41, 3907
What are the prime factors of 5840235?
3, 5, 43261
List the prime factors of 8905293.
3, 989477
What are the prime factors of 4433604?
2, 3, 7, 47, 1123
List the prime factors of 6016935.
3, 5, 67, 5987
What are the prime factors of 19005721?
7, 449, 6047
What are the prime factors of 10622506?
2, 83, 89, 719
List the prime factors of 1521381.
3, 17, 23, 1297
What are the prime factors of 73601?
11, 6691
List the prime factors of 4977778.
2, 13, 191453
What are the prime factors of 490520?
2, 5, 12263
List the prime factors of 283194.
2, 3, 15733
List the prime factors of 8487556.
2, 7, 11, 17, 1621
List the prime factors of 2157862.
2, 7, 97, 227
What are the prime factors of 980106?
2, 3, 163351
What are the prime factors of 1745688?
2, 3, 7, 10391
What are the prime factors of 3155999?
7, 11, 17, 2411
What are the prime factors of 1443394?
2, 721697
What are the prime factors of 5718?
2, 3, 953
What are the prime factors of 9482151?
3, 7, 199, 2269
What are the prime factors of 1696405?
5, 491, 691
What are the prime factors of 32369041?
47, 353, 1951
What are the prime factors of 1903815?
3, 5, 42307
List the prime factors of 1086295.
5, 7, 41, 757
What are the prime factors of 1265467?
7, 293, 617
List the prime factors of 737642.
2, 191, 1931
List the prime factors of 5392896.
2, 3, 3511
List the prime factors of 23512838.
2, 1559, 7541
What are the prime factors of 1330809?
3, 443603
List the prime factors of 342372.
2, 3, 103, 277
List the prime factors of 4870365.
3, 5, 19, 23, 743
What are the prime factors of 202291?
202291
List the prime factors of 1137144.
2, 3, 47381
What are the prime factors of 9786475?
5, 17, 23027
What are the prime factors of 725642?
2, 223, 1627
What are the prime factors of 1797973?
41, 43853
List the prime factors of 8213914.
2, 4106957
List the prime factors of 235769.
43, 5483
List the prime factors of 2610531.
3, 7, 11, 3767
What are the prime factors of 411628?
2, 7, 61, 241
List the prime fact